 624*n - 450. What is the remainder when 894 is divided by v?
18
Suppose -2*s = -s. Suppose -2*v = -3*y + 17, 3*y + s*y - v - 16 = 0. What is the remainder when (2 + 1)/(-12) - 343/(-28) is divided by y?
2
Suppose 2*z + 4*t - 869 = -183, 0 = -z + 2*t + 327. Suppose u - w + z = 5*u, -u = 2*w - 82. What is the remainder when 238 is divided by u?
70
Let w(z) be the third derivative of z**2 + 0 + 7/12*z**4 + 0*z - 5*z**3. Calculate the remainder when w(12) is divided by 35.
33
Suppose -2971 - 133025 - 33544 = -70*v. Calculate the remainder when v is divided by 303.
301
What is the remainder when 84 - ((1 - 2) + 2) is divided by 28 - (-64)/(-128)*14/1 - -2?
14
Let h be ((-2)/(-6))/((410/(-900))/(-41)). Suppose -h*a + 341 = a. Calculate the remainder when a is divided by 3.
2
Suppose -5*l - 3*m = -16 - 19, 3*l - 5*m = 21. Suppose -6*c - l = -55. Calculate the remainder when 44 is divided by c.
4
Let s = 5656 + -5569. Calculate the remainder when 397 is divided by s.
49
Suppose 45*d - 24476 = -13*d. Let i = -25 - -34. Calculate the remainder when d is divided by i.
8
Calculate the remainder when 393 is divided by 1656/(-161)*(1/2 - 4).
33
Let q = -46 + 62. Suppose -3*a + i - 12 = -2*i, 0 = 4*i - q. Calculate the remainder when 6 is divided by (1 - a)*(0 - -3).
0
Suppose 0 = 48*o - 1144 - 536. What is the remainder when 226 is divided by o?
16
Let y be (-2 - -1) + 384/(-6). Let f = y + 75. What is the remainder when f is divided by ((-10)/4 + 3)*6?
1
Let f = 26 - -4. Suppose f - 9 = 7*m. Suppose 0 = -n - m*i + 107, -3*i = -n + 3*n - 202. Calculate the remainder when n is divided by 7.
4
Let p = 269 - 238. Let s = p + 19. Calculate the remainder when 246 is divided by s.
46
Let m(y) = -y**2 + 13*y. Suppose 76 = x - 67. Suppose x - 785 = -6*d. Calculate the remainder when d is divided by m(11).
19
Suppose -93*n = -38*n - 53405. Calculate the remainder when n is divided by 124.
103
Let w(n) = 2*n**2 - 6*n + 9. Let o be w(11). Suppose 0 = c - 6*c + o. Let p = -170 - -180. Calculate the remainder when c is divided by p.
7
Suppose 161*s - 11956 + 5149 - 11386 = 0. Calculate the remainder when 448 is divided by s.
109
Suppose 1107 = 15*k + 8*k - 1285. Calculate the remainder when 108 is divided by k.
4
Suppose 0 = 2*a - a + 2*d - 51, 16 = -4*d. Let j(c) = -c**3 + 5*c**2 - 10*c + 1. Let o be j(5). Let w = o - -69. What is the remainder when a is divided by w?
19
Suppose -3*y = 4*c - 133, -y - y = 5*c - 161. Suppose 0 = 27*g - 16*g + 22. What is the remainder when 962/8 - 8/(g + 34) is divided by c?
27
What is the remainder when 2087 is divided by 99924/1386 + 4/(-42)?
71
Suppose -126*x + 254*x = 7936. Let b = 1 + 2. Suppose -3*a - 114 = -5*y - 2*a, b*a = 5*y - 122. Calculate the remainder when x is divided by y.
18
Let g(z) = -4*z + 4. What is the remainder when (4/(-8))/((-7)/2) + 49088/413 is divided by g(-4)?
19
Let k be 1*5 - (9 - (-3 + 8)). Calculate the remainder when k/3*237 - -6 is divided by 29.
27
Let y = -807 - -1223. Let k = 483 - y. What is the remainder when k is divided by 25?
17
Suppose 2*r + 2 = 2*w, -5*r = 1 - 11. Let z(d) = d**3 + 10*d**2 - 13*d + 11. Calculate the remainder when z(-11) is divided by w/(-6) + 1 + (-70)/(-4).
15
Calculate the remainder when 184 is divided by -12 + 25 + -25 - -98.
12
Suppose -3*t = -6*t + 144. Let s(a) = -8*a + 289. Let o(l) = -l**3 + 12*l + 17. Let n be o(-4). Calculate the remainder when t is divided by s(n).
23
Suppose -3*v + 2*g + 25 = 0, -486*g - 18 = -4*v - 491*g. What is the remainder when 44 is divided by v?
2
Suppose -n - 4 = 0, 27 = 4*x + 4*n - 5. Let y(l) = 117 + 58*l - 41 - 121*l + 71*l. Calculate the remainder when y(-4) is divided by x.
8
Let a = 491 + -472. What is the remainder when (a/(-6) - 0)*-6 is divided by 17?
2
Suppose -3*w = -0*v - v - 30, 2*w + 2*v - 20 = 0. Let c(r) = -2*r**3 - 4*r**2 + 7*r + 13. Let j = -14 + 10. What is the remainder when c(j) is divided by w?
9
Suppose 12*c - 28 = 11*c. Let p = 58 - 58. Suppose -4*l - 307 = -3*w, p = 4*w - 5*l - 225 - 186. Calculate the remainder when w is divided by c.
25
Suppose 2*j - 88 - 396 = 0. Let x = j + -184. Calculate the remainder when 403 is divided by x.
55
Suppose 0 = 2*w + 5*w + 2*w. Suppose w = 31*t - 35*t + 248. Let c = -6 - -27. Calculate the remainder when t is divided by c.
20
Let v = -374 + 540. What is the remainder when 364 is divided by v?
32
Let t = -107 + 110. Suppose 5*h = 4*l + h - 124, t*l = h + 85. Calculate the remainder when l is divided by 4.
3
Let p = 0 + 25. Let s(r) = -15*r + 1479. Calculate the remainder when p is divided by s(98).
7
Let l(b) = -3*b - 7. Suppose 681*w - 677*w - 71 = h, h + 7 = 0. Calculate the remainder when w is divided by l(-5).
0
Let o(l) = 42*l + 2. Let n be o(1). Let j = 41 - n. Let t = 18 + j. What is the remainder when 29 is divided by t?
14
Suppose -33*p = -38*p + 4*o + 2791, 3*p = -2*o + 1679. Calculate the remainder when p is divided by 33.
31
Let d = -130 + 140. Suppose -12*c + d*c = -30. Calculate the remainder when 40 is divided by c.
10
Let s be 7/(-2)*100/35. Let w(b) = 7*b**2 - b - 4. Calculate the remainder when w(3) is divided by (-6)/s*5 + 16.
18
Let d be 268/(-7)*112/(-32). What is the remainder when d*5/(-30)*-3 is divided by 9?
4
Let t = 36507 + -35761. Calculate the remainder when 3750 is divided by t.
20
Suppose 0 = -3*q + 5*f + 533, -3*q + 2*f + 539 = -0*f. Suppose -459 = 52*t - 1811. What is the remainder when q is divided by t?
25
Let l(m) = 2*m**3 - 18*m**2 + 16*m - 5. Let b be l(9). Suppose 0 = 144*v - b*v - 240. Calculate the remainder when v is divided by 13.
9
Let o = -1979 + 1995. Calculate the remainder when 18 + -13 - (-33 - -2 - 2) is divided by o.
6
Calculate the remainder when 929 is divided by ((-239)/2)/(304/(-608)).
212
Let n(p) = -27*p - 28. Let q be n(-39). What is the remainder when (-2)/25 + 36982/q is divided by 15?
6
Suppose -144 = 23997*b - 24013*b. What is the remainder when 222 is divided by b?
6
Let q = 33 + -29. Suppose 0 = 7*o - 2*o + q*a - 13, 0 = 4*o - 5*a - 35. Suppose -o*j = -6*j + 61. Calculate the remainder when j is divided by 13.
9
Let o(l) = l**2 - 6*l + 15. Suppose 4*n = -0*d - 3*d - 35, 2*n + 26 = -2*d. What is the remainder when o(8) is divided by (d/2)/((-12)/24)?
14
Suppose 75*j - 361662 = -252*j. Calculate the remainder when j is divided by 112.
98
What is the remainder when 1369 is divided by 303/2 - 1 - 218/(-436)?
10
Suppose -5*g = 5*i - 25, -2*i + 15 = -5*g + i. Suppose -5*c - 3*t = -1257, c = -g*t + 2*t + 254. Calculate the remainder when c is divided by 37.
30
Let v = 2201 + -2170. Calculate the remainder when v is divided by 7.
3
Let i = 257 + -267. Let l(d) = d**3 + 9*d**2 - 5*d + 62. Calculate the remainder when 143 is divided by l(i).
11
Calculate the remainder when 572 is divided by (10/(-1) - -8)*50/(-4).
22
Suppose -1401 = -2*s + u, 3*u - 1381 = 5*s - 7*s. Let n(y) = y**3 - 21*y**2 - 75*y + 4. Calculate the remainder when s is divided by n(-3).
9
Suppose t = r + 7, -2*r + 25 = -3*t + 44. Suppose 5*u - 52 = 3*k - 2, -5*u - t*k + 90 = 0. Let q = -12 - -22. What is the remainder when u is divided by q?
3
Let m = 28 + -7. Calculate the remainder when m is divided by 6/(((-203)/(-14))/29).
9
Let q(a) = 18 + 2*a - 22 + 0*a + a**3 + 3*a**2. Let v be q(-4). Calculate the remainder when 21 is divided by (v/(-7))/((-4)/(-6)).
3
Suppose -390*v + 49861 = -13319. Calculate the remainder when v is divided by 30.
12
Let s = -18 + 42. Suppose -s*t = -29*t + 60. Suppose 33 = 4*w + f, 3*w - 35 = f - t. Calculate the remainder when 47 is divided by w.
7
Let f(y) = -y**2 - 11*y + 2. What is the remainder when ((-976)/(-32))/((-1)/(-2)) is divided by f(-9)?
1
Let d = 18896 - 6512. Suppose -46*k = -4176 - d. What is the remainder when k is divided by 19?
18
Let n(d) = -d**3 + 5*d**2 - 4*d + 7. Let i(w) = 2*w**2 - w - 10. Let z be i(-3). Suppose -f + z = 8. What is the remainder when n(f) is divided by 7?
6
Let v(w) = w**3 - 9*w**2 + 3. Let h be v(9). Suppose 0 = h*b - 15, -2*t + b = 2*b - 21. What is the remainder when 69/9*(0 + 3) is divided by t?
7
Calculate the remainder when 138 is divided by 75 + (-130)/16 + 12/96.
4
Suppose 2*d - 585 = -117. Suppose 0 = 3*p - 6, -d = -2*b + 5*p - 3*p. Calculate the remainder when b is divided